d thousands digit of 14255361?
2
What is the hundreds digit of 271627?
6
What is the hundred thousands digit of 573888?
5
What is the hundreds digit of 2325148?
1
What is the hundred thousands digit of 1201461?
2
What is the hundred thousands digit of 33385666?
3
What is the tens digit of 1016550?
5
What is the tens digit of 8722?
2
What is the units digit of 1510208?
8
What is the hundreds digit of 1711299?
2
What is the units digit of 224063?
3
What is the thousands digit of 18622?
8
What is the tens digit of 11797944?
4
What is the ten thousands digit of 5000121?
0
What is the thousands digit of 452250?
2
What is the hundreds digit of 5322439?
4
What is the units digit of 3808509?
9
What is the thousands digit of 655449?
5
What is the thousands digit of 759095?
9
What is the thousands digit of 520476?
0
What is the thousands digit of 3118370?
8
What is the hundred thousands digit of 5426143?
4
What is the thousands digit of 308099?
8
What is the hundreds digit of 15926366?
3
What is the units digit of 34030947?
7
What is the units digit of 11056911?
1
What is the hundred thousands digit of 8357392?
3
What is the units digit of 3208359?
9
What is the units digit of 842684?
4
What is the tens digit of 14153618?
1
What is the hundred thousands digit of 2211255?
2
What is the thousands digit of 478756?
8
What is the units digit of 975507?
7
What is the thousands digit of 48907?
8
What is the millions digit of 1471556?
1
What is the tens digit of 554839?
3
What is the units digit of 1863595?
5
What is the hundred thousands digit of 30449729?
4
What is the hundred thousands digit of 233366?
2
What is the hundreds digit of 683858?
8
What is the hundreds digit of 8834518?
5
What is the units digit of 414965?
5
What is the units digit of 595102?
2
What is the units digit of 3893116?
6
What is the thousands digit of 7783144?
3
What is the ten thousands digit of 162310?
6
What is the hundred thousands digit of 7109927?
1
What is the units digit of 1970234?
4
What is the tens digit of 7741288?
8
What is the hundreds digit of 142915?
9
What is the ten thousands digit of 115103?
1
What is the thousands digit of 461096?
1
What is the units digit of 7012885?
5
What is the units digit of 21297091?
1
What is the tens digit of 53551?
5
What is the tens digit of 222228?
2
What is the ten thousands digit of 822082?
2
What is the tens digit of 279245?
4
What is the tens digit of 204234?
3
What is the thousands digit of 136164?
6
What is the units digit of 240736?
6
What is the tens digit of 97721?
2
What is the ten millions digit of 19002817?
1
What is the thousands digit of 7092012?
2
What is the hundreds digit of 743497?
4
What is the thousands digit of 215441?
5
What is the units digit of 58924?
4
What is the hundred thousands digit of 178346?
1
What is the millions digit of 1493069?
1
What is the millions digit of 5943287?
5
What is the hundred thousands digit of 4884337?
8
What is the ten thousands digit of 135407?
3
What is the hundred thousands digit of 407471?
4
What is the hundred thousands digit of 12456884?
4
What is the hundred thousands digit of 286610?
2
What is the thousands digit of 22704144?
4
What is the ten thousands digit of 162784?
6
What is the hundreds digit of 5433332?
3
What is the millions digit of 13744700?
3
What is the thousands digit of 71517?
1
What is the millions digit of 2284579?
2
What is the millions digit of 1173322?
1
What is the ten thousands digit of 6677554?
7
What is the ten thousands digit of 51266?
5
What is the tens digit of 87510?
1
What is the hundreds digit of 8805841?
8
What is the millions digit of 1866630?
1
What is the ten millions digit of 11868616?
1
What is the ten thousands digit of 309259?
0
What is the hundreds digit of 635322?
3
What is the thousands digit of 318023?
8
What is the hundred thousands digit of 1140548?
1
What is the hundreds digit of 2332240?
2
What is the thousands digit of 515481?
5
What is the tens digit of 6465552?
5
What is the hundreds digit of 272568?
5
What is the units digit of 7795524?
4
What is the ten thousands digit of 5277951?
7
What is the tens digit of 153481?
8
What is the thousands digit of 404305?
4
What is the hundreds digit of 973861?
8
What is the tens digit of 3065710?
1
What is the ten thousands digit of 1459571?
5
What is the ten thousands digit of 65115?
6
What is the hundreds digit of 2359185?
1
What is the units digit of 304408?
8
What is the hundred thousands digit of 14444305?
4
What is the hundred thousands digit of 311553?
3
What is the ten thousands digit of 681232?
8
What is the hundred thousands digit of 4770726?
7
What is the thousands digit of 2111162?
1
What is the ten millions digit of 29229144?
2
What is the hundreds digit of 14020874?
8
What is the hundreds digit of 3095620?
6
What is the millions digit of 1616664?
1
What is the tens digit of 17851738?
3
What is the millions digit of 4137499?
4
What is the tens digit of 34376?
7
What is the ten thousands digit of 146160?
4
What is the units digit of 20273512?
2
What is the tens digit of 2787478?
7
What is the thousands digit of 7772982?
2
What is the hundreds digit of 146304?
3
What is the ten thousands digit of 1556140?
5
What is the hundred thousands digit of 1268495?
2
What is the hundreds digit of 448655?
6
What is the tens digit of 1714216?
1
What is the millions digit of 4669752?
4
What is the hundreds digit of 95713?
7
What is the ten millions digit of 12442369?
1
What is the tens digit of 26099670?
7
What is the hundreds digit of 276595?
5
What is the hundred thousands digit of 569666?
5
What is the millions digit of 17360180?
7
What is the units digit of 5324397?
7
What is the units digit of 2071337?
7
What is the thousands digit of 5211482?
1
What is the thousands digit of 837401?
7
What is the hundreds digit of 3141000?
0
What is the units digit of 2732855?
5
What is the thousands digit of 91601?
1
What is the ten millions digit of 31134268?
3
What is the ten thousands digit of 6293653?
9
What is the ten millions digit of 18647999?
1
What is the thousands digit of 3035?
3
What is the hundred thousands digit of 24314309?
3
What is the units digit of 6487738?
8
What is the ten thousands digit of 4534135?
3
What is the thousands digit of 181947?
1
What is the tens digit of 934786?
8
What is the tens digit of 18983?
8
What is the hundred thousands digit of 3933035?
9
What is the tens digit of 5186652?
5
What is the hundred thousands digit of 658255?
6
What is the millions digit of 11043019?
1
What is the tens digit of 144921?
2
What is the ten thousands digit of 395591?
9
What is the units digit of 12421879?
9
What is the ten thousands digit of 116089?
1
What is the units digit of 53341?
1
What is the hundred thousands digit of 333183?
3
What is the thousands digit of 3744772?
4
What is the ten thousands digit of 1535982?
3
What is the hundred thousands digit of 14791669?
7
What is the hundred thousands digit of 240510?
2
What is the hundreds digit of 447979?
9
What is the hundred thousands digit of 8238280?
2
What is the units digit of 8208723?
3
What is the ten thousands digit of 3078971?
7
What is the tens digit of 3213511?
1
What is the tens digit of 4056200?
0
What is the units digit of 2256125?
5
What is the thousands digit of 248445?
8
What is the ten thousands digit of 1231481?
3
What is the ten thousands digit of 559803?
5
What is the tens digit of 70?
7
What is the thousands digit of 324665?
4
What is the ten thousands digit of 1793039?
9
What is the units digit of 40685017?
7
What is the thousands digit of 335326?
5
What is the tens digit of 131187?
8
What is the thousands digit of 21779?
1
What is the hundreds digit of 6152419?
4
What is the hundred thousands digit of 616297?
6
What is the tens digit of 65849?
4
What is the millions digit of 1533422?
1
What is the hundred thousands digit of 356605?
3
What is the hundreds digit of 672025?
0
What is the ten thousands digit of 710361?
1
What is the units digit of 541152?
2
What is the thousands digit of 5887446?
7
What is the tens digit of 9842085?
8
What is the hundred thousands digit of 2371201?
3
What is the millions digit of 1781093?
1
What is the millions digit of 16066241?
6
What is the thousands digit of 2509114?
9
What is